**2 - 6*j**2 + j**b. Calculate h(3).
-2
Let a(i) = i**3 - 2*i**2 + 3. Let q(v) = 11*v**3 - 40*v**2 + 2*v + 51. Let t(r) = 12*a(r) - q(r). Determine t(-16).
17
Let u = -434 + 519. Let r(j) = -47*j + j**2 - u*j + 135*j - 4. Give r(-4).
0
Let q(r) = -2*r**3 + 4*r**2 + 5*r - 3. Let v(s) = -s**3 + s - 1. Let x(a) = -q(a) + 3*v(a). Suppose 0 = -5*c - 23 + 3. Give x(c).
8
Let r(i) = -2*i + 2*i**2 + 2*i. Suppose -636*w + 663*w - 21 = 6. Give r(w).
2
Let f be (-31)/(2/(5 - 1)). Let l be 11 + 357/(-35) - (-662)/10. Let k = l + f. Let o(i) = 2*i**2 - 8*i + 5. Give o(k).
15
Suppose -63*t = -47*t - 64. Let l(r) = -8*r**2 - 114 + 104 + 7*r + 6*r**2. Determine l(t).
-14
Let x(h) = -h + 11. Suppose -1015 + 1185 = 10*n. Calculate x(n).
-6
Let v(s) = -1 - 12*s + 4 - 16*s**2 + 51*s**2 - 34*s**2. Calculate v(12).
3
Let w be 2 + 0 + (-285 - -276). Let k(g) = g - 3*g + 9*g + g**2 - 3. Determine k(w).
-3
Let w(d) = -2*d + 2 + d + 0. Suppose 19*l + 11 = 22*l + h, 4*h = -4*l + 20. Suppose -2*z + 16 = -4*i, 16 - 10 = l*i + 3*z. What is w(i)?
4
Let w(t) be the third derivative of 0*t + 14 - t**2 - 7/3*t**3 + 1/24*t**4. Determine w(7).
-7
Suppose -4*j + p + 87 = -0*j, -48 = -2*j - 4*p. Suppose -17 = -10*q + 23. Suppose -3*o = 5*k + j, -3*k = k - 3*o - q. Let s(x) = -6*x - 3. What is s(k)?
9
Let a be (-1 + -9)*(90/12)/(-5). Suppose k + 3 = a. Let o(m) = m**2 - 11*m - 16. Calculate o(k).
-4
Suppose 570*i + 288 = 594*i. Let h(z) = z**3 - 13*z**2 + 12*z + 8. Determine h(i).
8
Let i(x) = x**2 - 6*x + 7. Let v be i(4). Let o be (-6 + 6)*((-8)/(-6) + v). Let j(d) = o + 11*d - 10*d + 7. Determine j(-4).
3
Let z(a) = a + 15. Let w = -2 - -3. Let r(m) = w + 27 + 4*m - 3. Let y be r(-8). Give z(y).
8
Let v = 478 - 477. Let t(x) be the third derivative of -1/60*x**6 + 7*x**2 + 0*x + 0*x**5 - 1/6*x**3 + 0 + 0*x**4. Give t(v).
-3
Let a(d) be the second derivative of -7*d**3/6 + 26*d**2 + 781*d. Determine a(19).
-81
Let v(s) = 480*s - 941*s + 478*s + 97. Give v(-8).
-39
Suppose -327*f = -422*f + 2660. Let y(u) be the first derivative of 1/2*u**2 - 20*u + f. What is y(0)?
-20
Let b = -59 + 66. Let s be ((-10)/b)/(18/(-21) + 1). Let c(y) = -y - 11. What is c(s)?
-1
Let g(d) = d**2 - 10*d - 14. Let p = 432 + -427. Suppose -4*c + 5*s = -55, -19*s = p*c - 17*s - 44. What is g(c)?
-14
Let j(k) = -5*k**2 - 30*k - 28*k - 1 + 9*k**2 - 2 + 59*k. Give j(1).
2
Let x(w) = w**2 + 9*w - 12. Let o(g) = 2*g**2 + 9*g - 12. Let b(k) = 2*o(k) - 3*x(k). Let z be 25*204/170*(16/(-10))/(-4). Give b(z).
48
Suppose -n + 2*n = -61. Let u = n + 59. Let o = u - -6. Let f(p) = p**3 - 5*p**2 - 2. Calculate f(o).
-18
Let j be (4/(-2))/((-124)/(-40) - 3). Let w(z) = -z**3 - 21*z**2 - 19*z + 14. Let l be w(j). Let p(v) = v**3 + 6*v**2 - 2*v - 2. Calculate p(l).
10
Let y(q) = -75*q + 325. Let i(j) = -24*j + 107. Let a(t) = -10*i(t) + 3*y(t). What is a(6)?
-5
Suppose -3*k + 10 = 5*v - 13, 0 = 2*v + 3*k - 11. Suppose 56 = v*h + 72. Let z(b) = -6*b. Calculate z(h).
24
Let b(i) = 2*i**3 - 2*i**2 - 6*i + 4. Let o(r) = -r**3 - r**2 + 2. Let f(u) = -b(u) - o(u). Let v be 0 + 2 + 22/11. What is f(v)?
2
Let u(c) = c + 5. Let y(m) = -4*m + 5. Let h be y(2). Let a be (-7)/(-3) + h + (-17)/(-3). Suppose -3*f = -5*p, 0*f + 4*p = -a*f. Determine u(f).
5
Let a(h) = -h**3 - 9*h**2 + h + 3. Let z be (-2*1)/(370/70 - 5). Let l be -14 + (-5 - -3 - z). Give a(l).
-6
Let r(z) = -3*z**3 + 16*z**2 - 3*z + 1. Let o be r(5). Let m(v) = v**3 - 12*v**2 + 11*v + 1. Determine m(o).
1
Let p(a) = -a**3 + 8*a**2 + 5*a - 4. Let m(n) = n**3 + n**2 + n + 1. Let l(b) = -2*m(b) - p(b). Let f(d) = d**2 + 13*d + 31. Let v be f(-5). What is l(v)?
-16
Let y(p) = 16*p**2 - 6*p. Suppose 0 = 19*b + 64 - 83. Determine y(b).
10
Suppose 51*h - 54*h + 9 = -2*j, j - 4*h = -2. Let z(t) = -84*t - 505. What is z(j)?
-1
Let a(w) = 2*w**2 - 19*w - 7. Suppose 2*b - 5*b + 15 = 0, -75 = -y - 3*b. Suppose 3*l + y = 9*l. Let m be a(l). Let t(c) = c**3 - 4*c**2 - 2*c. Calculate t(m).
-15
Suppose -1 = 4*f + k, 4*k + 1 = f - 3. Suppose -2*o - 4*s - 16 = 0, o + s + 6 = -f. Let x(m) = m - 1. Determine x(o).
-5
Let w(s) be the second derivative of -5*s**4/12 + 18*s**3 + 41*s**2/2 + 3060*s. Give w(22).
-3
Let z(x) = -x**2 - 5*x - 6. Let j(k) = -13*k + 73. Let o be j(4). Suppose o*t + 111 - 6 = 0. Calculate z(t).
-6
Suppose 244*l = -87*l + 4*l + 6540. Let a(b) = -6*b + 134. What is a(l)?
14
Suppose -8*m + 14 + 66 = 0. Let i(u) = 9 - 2 - 9*u + m*u + 0*u. Calculate i(-15).
-8
Let j(q) = 1 + 4*q**3 + 5*q**3 - 4*q**3 - 6*q**2 + q + 5*q**2. Let z be ((-74)/(-3))/(5/(45/(-6))). Let a = z - -36. Determine j(a).
-6
Let v(y) = -18*y + 1663960*y**2 + 2 + 13*y - 1663959*y**2. Let w(f) = -f**3 + 5*f**2 + 7*f - 4. Let i be w(6). What is v(i)?
-4
Let x(j) = 4*j + 2. Let o(v) = -9*v - 65. Let r be o(-9). Let i = 17 - r. What is x(i)?
6
Let v(b) = -1 + 7*b + 11 - 15*b - 32. Let l(r) = -r - 3. Let y(g) = -21*l(g) + 3*v(g). Give y(-3).
6
Let c(l) be the third derivative of 0 - 1/60*l**5 - 1/6*l**3 - 1/12*l**4 - 78*l**2 - 1/60*l**6 + 0*l. Determine c(2).
-25
Let t(i) = 8*i - i**3 - 66*i**2 + 2 + 0 - 6 + 63*i**2. Let h be t(-5). Let s(n) = -3*n + 3. Give s(h).
-15
Let r(o) = -5*o + 7. Let f(m) = 36*m + 217. Let t be f(-6). Suppose 3*c = -4*n - t - 8, 0 = -2*n + 6. Calculate r(c).
42
Let a(n) = 2*n - 6. Let s = 57 + -56. Let c be 0/(-4 - (0 - 2 - s)). Calculate a(c).
-6
Let a(w) = -9*w**2 - 9 - 18 + 27 + w. Suppose x - 2*k = -4 + 11, 2*x + 5*k + 22 = 0. Give a(x).
-10
Let g(r) = -r**3 + 6*r**2 + 2*r - 2. Suppose -3*w + 163 - 422 = -4*h, -1 = w. Let i = h - 61. Suppose 2*d - 14 = -m, i*m + 6 = -3*d + 36. Give g(m).
10
Let z(g) = 3*g**3 + 43*g**2 - 10*g - 11. Let i(a) = -a**3 - 10*a**2 + 2*a + 3. Let f(r) = 9*i(r) + 2*z(r). Determine f(-4).
141
Let j(z) = 3*z - 3. Let f(b) = b**2 + 5*b - 19. Let i be f(-8). Suppose i*c = 12*c + 56. Let a be (-306)/(-72) + 10/c. Calculate j(a).
6
Let j(t) be the second derivative of t**3/6 - 2*t**2 - 18*t - 13. Let w(l) = -10*l**2. Let b be w(1). Give j(b).
-14
Suppose 6 + 4 = 5*a. Let q(p) = -37 + 3*p + 47 - a*p + 0*p. Determine q(-4).
6
Let y(g) be the second derivative of g - 11 - 1/6*g**3 + 1/2*g**2. Give y(-1).
2
Let w(x) = -13*x**3 - 12*x**2 + 2*x + 16. Let f(o) = 11*o**3 + 11*o**2 - o - 13. Let s(d) = -6*f(d) - 5*w(d). Calculate s(-7).
75
Suppose -2*s + 6 = s. Let u(m) = -3*m + 23. Let n(p) be the third derivative of p**4/24 - 4*p**3/3 + 4*p**2 - 7*p. Let l(y) = s*u(y) + 7*n(y). What is l(0)?
-10
Suppose 0 = -2*y + 4*f + 16, -3*f + 32 = 3*y + y. Let c(x) = 6*x**2 + 3*x - 20. Let s(t) = -7*t**2 - 2*t + 21. Let l(b) = 8*c(b) + 7*s(b). Determine l(y).
3
Let s(m) = 13*m**2 - m + 67. Let f(u) = 5*u**2 - u + 28. Let q(b) = -5*f(b) + 2*s(b). Let y(o) = -o**2 - 4*o. Let a be y(-5). Give q(a).
4
Suppose 3*w = -3*h - 12, -34*w = -35*w + 2*h - 19. Let x(o) = o - 10. Give x(w).
-19
Let b(l) = -21*l**2 + 7 - 11 + 4. Suppose 0 = -2*w - 4*k + 28, 0 = 3*w + 2*k - 25 + 3. Suppose 0 = w*u + u - 5. Give b(u).
-21
Let g(w) be the second derivative of -w**5/20 - 2*w**4/3 - w**3/6 + 9*w**2/2 + w. Suppose -27*k = -39*k + 186*k + 1218. Calculate g(k).
-33
Let n(l) = 3*l + 4. Suppose 64*z - 801 = -25*z. Give n(z).
31
Let g(r) = 4*r**2 - 34*r - 19. Let c be g(12). Let d(n) = -n**3 + c - 4*n**2 - n + 5*n - 144. Determine d(-5).
10
Let s(t) be the third derivative of -1/60*t**6 + 0*t - 1/20*t**5 - 1/3*t**3 - 19*t**2 - 1/8*t**4 + 0. Calculate s(-2).
8
Let s(k) = 5*k - 17*k**2 - 43 - 21 + k**3 + 5*k**2 - 2. What is s(12)?
-6
Let r = -2344 + 2346. Let m(a) = -2*a**3 + 7*a**2 - 9*a + 2. Give m(r).
-4
Let h(d) be the first derivative of -d**2 - 6*d + 12472. Let y = 15 - 8. Suppose y*l - 4*l + 15 = 0. Determine h(l).
4
Let z = 7587 - 7581. Let h(n) = -3*n**2 + 13. Calculate h(z).
-95
Let v(q) = q**3 + 4*q**2 - q - 5. Suppose 25*c - 30*c - 170 = 0. Let s = c - -60. Let d = -30 + s. Determine v(d).
-1
Let m(r) = 11*r**2 + 9*r - 116. Let j(w) = -6*w**2 - 5*w + 69. Let s(c) = 5*j(c) + 3*m(c). What is s(2)?
13
Suppose 0 = 5*d + f - 70, -11*d - 85 = -15*d + 5*f. Suppose 4*t = -5*p + 8 - d, -3*p = -5*t - 18. Let u(x) = -x**2 - 4*x - 2. Calculate u(t).
1
Let y(x) = -x**3 - 7*x**2 - 4*x + 6. Let u(m) = -m**3 + 17*m**2 - 27*m. Let h be u(8). Let v = h + -366. What is y(v)?
-6
Let c be ((-13)/(-2) + 6)*(2 -